{"id":141,"date":"2023-06-19T09:25:29","date_gmt":"2023-06-19T09:25:29","guid":{"rendered":"https:\/\/www.bauinnung-regensburg.de\/?page_id=141"},"modified":"2024-06-27T11:56:09","modified_gmt":"2024-06-27T11:56:09","slug":"mitgliedschaft-leistungen-und-kosten","status":"publish","type":"page","link":"https:\/\/www.bauinnung-regensburg.de\/?page_id=141","title":{"rendered":"Mitgliedschaft &#8211; Leistungen und Kosten"},"content":{"rendered":"<div class=\"wp-block-image img_floatleft\">\n<figure class=\"alignleft size-full is-resized\"><img loading=\"lazy\" decoding=\"async\" width=\"692\" height=\"848\" src=\"https:\/\/www.bauinnung-regensburg.de\/wp-content\/uploads\/2023\/06\/upl_o949f551b7.jpg\" alt=\"\" class=\"wp-image-30\" style=\"width:187px;height:228px\" srcset=\"https:\/\/www.bauinnung-regensburg.de\/wp-content\/uploads\/2023\/06\/upl_o949f551b7.jpg 692w, https:\/\/www.bauinnung-regensburg.de\/wp-content\/uploads\/2023\/06\/upl_o949f551b7-245x300.jpg 245w\" sizes=\"auto, (max-width: 692px) 100vw, 692px\" \/><\/figure>\n<\/div>\n\n\n<figure class=\"wp-block-image size-full img_floatleft last_in_row\"><img loading=\"lazy\" decoding=\"async\" width=\"640\" height=\"226\" src=\"https:\/\/www.bauinnung-regensburg.de\/wp-content\/uploads\/2023\/06\/logo.jpg\" alt=\"Logo \" class=\"wp-image-18\" srcset=\"https:\/\/www.bauinnung-regensburg.de\/wp-content\/uploads\/2023\/06\/logo.jpg 640w, https:\/\/www.bauinnung-regensburg.de\/wp-content\/uploads\/2023\/06\/logo-300x106.jpg 300w\" sizes=\"auto, (max-width: 640px) 100vw, 640px\" \/><\/figure>\n\n\n\n<p><strong><u>Unternehmenserfolg ist harte Arbeit &#8211;<\/u><\/strong> <strong><u>gerade in der Bauwirtschaft.<\/u><\/strong><\/p>\n\n\n\n<p>Der Erfolg stellt sich nur bei dem Betriebsinhaber&nbsp;ein, der die Eigenschaften eines guten Handwerkers, Betriebswirtschaftlers, Verk\u00e4ufers und Rechtskundigen vereint.<br>Dabei ist der Erfahrungsaustausch und&nbsp;der Kontakt zu Gleichgesinnten ebenso wichtig, wie eine st\u00e4ndige Weiterbildung.<br>Externe&nbsp;Hilfe ist dabei ebenso unerl\u00e4sslich.<br>Fragen und Probleme im Arbeitsalltag&nbsp;lassen sich nicht immer alleine l\u00f6sen.<br>Gemeinsam sind&nbsp;die einzelnen Unternehmen des Bauhandwerks stark und k\u00f6nnen&nbsp;mehr erreichen.<br>Werden Sie Teil eines Bauverbandes, der von Regensburg bis Br\u00fcssel reicht.&nbsp;<\/p>\n\n\n\n<p>107 \u00fcberzeugte Mitglieder des Bauhandwerks alleine in der Stadt und dem Landkreis Regensburg sowie in&nbsp;Teilen des Landkreises Kelheim und Schwandorf sprechen f\u00fcr sich.&nbsp;<\/p>\n\n\n\n<div class=\"wp-block-columns is-layout-flex wp-container-core-columns-is-layout-9d6595d7 wp-block-columns-is-layout-flex\">\n<div class=\"wp-block-column is-layout-flow wp-block-column-is-layout-flow\"><div class=\"wp-block-image\">\n<figure class=\"aligncenter size-large is-resized\"><img loading=\"lazy\" decoding=\"async\" width=\"602\" height=\"1024\" src=\"https:\/\/www.bauinnung-regensburg.de\/wp-content\/uploads\/2023\/06\/Foto-Huber-602x1024.jpg\" alt=\"\" class=\"wp-image-83\" style=\"width:268px;height:455px\" srcset=\"https:\/\/www.bauinnung-regensburg.de\/wp-content\/uploads\/2023\/06\/Foto-Huber-602x1024.jpg 602w, https:\/\/www.bauinnung-regensburg.de\/wp-content\/uploads\/2023\/06\/Foto-Huber-176x300.jpg 176w, https:\/\/www.bauinnung-regensburg.de\/wp-content\/uploads\/2023\/06\/Foto-Huber-768x1305.jpg 768w, https:\/\/www.bauinnung-regensburg.de\/wp-content\/uploads\/2023\/06\/Foto-Huber-904x1536.jpg 904w, https:\/\/www.bauinnung-regensburg.de\/wp-content\/uploads\/2023\/06\/Foto-Huber-1205x2048.jpg 1205w, https:\/\/www.bauinnung-regensburg.de\/wp-content\/uploads\/2023\/06\/Foto-Huber-scaled.jpg 1506w\" sizes=\"auto, (max-width: 602px) 100vw, 602px\" \/><figcaption class=\"wp-element-caption\">Syndikus Christian Huber<br><br>Gesch\u00e4ftsf\u00fchrer der Bauinnung Regensburg und<br>der LBB Gesch\u00e4ftsstelle Opf.<\/figcaption><\/figure>\n<\/div><\/div>\n\n\n\n<div class=\"wp-block-column is-layout-flow wp-block-column-is-layout-flow\"><div class=\"wp-block-image\">\n<figure class=\"aligncenter size-large is-resized\"><img loading=\"lazy\" decoding=\"async\" width=\"680\" height=\"1024\" src=\"https:\/\/www.bauinnung-regensburg.de\/wp-content\/uploads\/2023\/06\/upl_o5944f3231b2-680x1024.jpg\" alt=\"\" class=\"wp-image-38\" style=\"width:302px;height:454px\" srcset=\"https:\/\/www.bauinnung-regensburg.de\/wp-content\/uploads\/2023\/06\/upl_o5944f3231b2-680x1024.jpg 680w, https:\/\/www.bauinnung-regensburg.de\/wp-content\/uploads\/2023\/06\/upl_o5944f3231b2-199x300.jpg 199w, https:\/\/www.bauinnung-regensburg.de\/wp-content\/uploads\/2023\/06\/upl_o5944f3231b2-768x1156.jpg 768w, https:\/\/www.bauinnung-regensburg.de\/wp-content\/uploads\/2023\/06\/upl_o5944f3231b2.jpg 900w\" sizes=\"auto, (max-width: 680px) 100vw, 680px\" \/><figcaption class=\"wp-element-caption\">Dipl.-Ing. (FH) Johann Seidenschwand<br><br>Obermeister der Bauinnung Regensburg<br>und stv. Beiratsvorsitzender der LBB Gesch\u00e4ftsstelle Opf.<\/figcaption><\/figure>\n<\/div><\/div>\n<\/div>\n\n\n\n<p>\u00dcber unsere Leistungen f\u00fcr Mitgliedsbetriebe und die Kosten einer Mitgliedschaft k\u00f6nnen Sie sich <a href=\"https:\/\/www.bauinnung-regensburg.de\/wp-content\/uploads\/2024\/06\/Infobroschuere-fuer-Neumitglieder-Bau-2024.pdf\">HIER<\/a> (Baubetriebe allgemein) und <a href=\"https:\/\/www.bauinnung-regensburg.de\/wp-content\/uploads\/2024\/06\/Infobroschuere-fuer-Neumitglieder-Zimmerer-2024.pdf\" data-type=\"attachment\" data-id=\"605\">HIER<\/a> (Zimmererbetriebe) ein Bild machen.<\/p>\n","protected":false},"excerpt":{"rendered":"<p>Unternehmenserfolg ist harte Arbeit &#8211; gerade in der Bauwirtschaft. Der Erfolg stellt sich nur bei dem Betriebsinhaber&nbsp;ein, der die Eigenschaften eines guten Handwerkers, Betriebswirtschaftlers, Verk\u00e4ufers und Rechtskundigen vereint.Dabei ist der Erfahrungsaustausch und&nbsp;der Kontakt zu Gleichgesinnten ebenso wichtig, wie eine st\u00e4ndige Weiterbildung.Externe&nbsp;Hilfe ist dabei ebenso unerl\u00e4sslich.Fragen und Probleme im Arbeitsalltag&nbsp;lassen sich nicht immer alleine l\u00f6sen.Gemeinsam sind&nbsp;die [&hellip;]<\/p>\n","protected":false},"author":1,"featured_media":0,"parent":0,"menu_order":0,"comment_status":"closed","ping_status":"closed","template":"","meta":{"footnotes":""},"class_list":["post-141","page","type-page","status-publish","hentry"],"_links":{"self":[{"href":"https:\/\/www.bauinnung-regensburg.de\/index.php?rest_route=\/wp\/v2\/pages\/141","targetHints":{"allow":["GET"]}}],"collection":[{"href":"https:\/\/www.bauinnung-regensburg.de\/index.php?rest_route=\/wp\/v2\/pages"}],"about":[{"href":"https:\/\/www.bauinnung-regensburg.de\/index.php?rest_route=\/wp\/v2\/types\/page"}],"author":[{"embeddable":true,"href":"https:\/\/www.bauinnung-regensburg.de\/index.php?rest_route=\/wp\/v2\/users\/1"}],"replies":[{"embeddable":true,"href":"https:\/\/www.bauinnung-regensburg.de\/index.php?rest_route=%2Fwp%2Fv2%2Fcomments&post=141"}],"version-history":[{"count":16,"href":"https:\/\/www.bauinnung-regensburg.de\/index.php?rest_route=\/wp\/v2\/pages\/141\/revisions"}],"predecessor-version":[{"id":706,"href":"https:\/\/www.bauinnung-regensburg.de\/index.php?rest_route=\/wp\/v2\/pages\/141\/revisions\/706"}],"wp:attachment":[{"href":"https:\/\/www.bauinnung-regensburg.de\/index.php?rest_route=%2Fwp%2Fv2%2Fmedia&parent=141"}],"curies":[{"name":"wp","href":"https:\/\/api.w.org\/{rel}","templated":true}]}}