{"id":183,"date":"2023-06-19T10:08:11","date_gmt":"2023-06-19T10:08:11","guid":{"rendered":"https:\/\/www.bauinnung-regensburg.de\/?page_id=183"},"modified":"2024-06-27T07:46:55","modified_gmt":"2024-06-27T07:46:55","slug":"mitgliedsbetriebe","status":"publish","type":"page","link":"https:\/\/www.bauinnung-regensburg.de\/?page_id=183","title":{"rendered":"Mitgliedsbetriebe"},"content":{"rendered":"\n<p>Hier finden Sie die Kontaktdaten s\u00e4mtlicher Firmen&nbsp;der einzelnen&nbsp;Gewerke der Bauinnung Regensburg.<br><\/p>\n\n\n\n<p><a href=\"https:\/\/www.bauinnung-regensburg.de\/?page_id=181\" data-type=\"page\" data-id=\"181\">Hochbau<\/a><br><a href=\"https:\/\/www.bauinnung-regensburg.de\/?page_id=188\" data-type=\"page\" data-id=\"188\">Stra\u00dfen- und Pflasterbau<\/a><br><a href=\"https:\/\/www.bauinnung-regensburg.de\/?page_id=190\" data-type=\"page\" data-id=\"190\">Stuckateure<\/a><br><a href=\"https:\/\/www.bauinnung-regensburg.de\/?page_id=192\" data-type=\"page\" data-id=\"192\">Fliesenleger<\/a><br><a href=\"https:\/\/www.bauinnung-regensburg.de\/?page_id=194\" data-type=\"page\" data-id=\"194\">Estrich und Bel\u00e4ge<\/a><br><a href=\"https:\/\/www.bauinnung-regensburg.de\/?page_id=196\" data-type=\"page\" data-id=\"196\">Zimmerer<\/a><br><a href=\"https:\/\/www.bauinnung-regensburg.de\/?page_id=198\" data-type=\"page\" data-id=\"198\">Isolierer<\/a><br><a href=\"https:\/\/www.bauinnung-regensburg.de\/?page_id=200\" data-type=\"page\" data-id=\"200\">Gastmitglieder und Spezialbetriebe<\/a><\/p>\n","protected":false},"excerpt":{"rendered":"<p>Hier finden Sie die Kontaktdaten s\u00e4mtlicher Firmen&nbsp;der einzelnen&nbsp;Gewerke der Bauinnung Regensburg. HochbauStra\u00dfen- und PflasterbauStuckateureFliesenlegerEstrich und Bel\u00e4geZimmererIsoliererGastmitglieder und Spezialbetriebe<\/p>\n","protected":false},"author":1,"featured_media":0,"parent":0,"menu_order":0,"comment_status":"closed","ping_status":"closed","template":"","meta":{"footnotes":""},"class_list":["post-183","page","type-page","status-publish","hentry"],"_links":{"self":[{"href":"https:\/\/www.bauinnung-regensburg.de\/index.php?rest_route=\/wp\/v2\/pages\/183","targetHints":{"allow":["GET"]}}],"collection":[{"href":"https:\/\/www.bauinnung-regensburg.de\/index.php?rest_route=\/wp\/v2\/pages"}],"about":[{"href":"https:\/\/www.bauinnung-regensburg.de\/index.php?rest_route=\/wp\/v2\/types\/page"}],"author":[{"embeddable":true,"href":"https:\/\/www.bauinnung-regensburg.de\/index.php?rest_route=\/wp\/v2\/users\/1"}],"replies":[{"embeddable":true,"href":"https:\/\/www.bauinnung-regensburg.de\/index.php?rest_route=%2Fwp%2Fv2%2Fcomments&post=183"}],"version-history":[{"count":7,"href":"https:\/\/www.bauinnung-regensburg.de\/index.php?rest_route=\/wp\/v2\/pages\/183\/revisions"}],"predecessor-version":[{"id":691,"href":"https:\/\/www.bauinnung-regensburg.de\/index.php?rest_route=\/wp\/v2\/pages\/183\/revisions\/691"}],"wp:attachment":[{"href":"https:\/\/www.bauinnung-regensburg.de\/index.php?rest_route=%2Fwp%2Fv2%2Fmedia&parent=183"}],"curies":[{"name":"wp","href":"https:\/\/api.w.org\/{rel}","templated":true}]}}