{"id":196,"date":"2023-06-19T10:13:33","date_gmt":"2023-06-19T10:13:33","guid":{"rendered":"https:\/\/www.bauinnung-regensburg.de\/?page_id=196"},"modified":"2026-02-10T07:53:58","modified_gmt":"2026-02-10T07:53:58","slug":"zimmerer","status":"publish","type":"page","link":"https:\/\/www.bauinnung-regensburg.de\/?page_id=196","title":{"rendered":"Zimmerer"},"content":{"rendered":"\n<p><strong>Alles Wichtige rund ums Thema Zimmererhandwerk finden Sie auf unserer&nbsp;Zimmerer-Homepage:&nbsp;<\/strong><\/p>\n\n\n\n<p><a href=\"http:\/\/www.zimmerer-regensburg.de\/\"><strong><u>www.zimmerer-regensburg.de<\/u><\/strong><\/a><\/p>\n\n\n\n<p><strong>Fachgruppenleiter: Max Semmler, Zimmerermeister<\/strong><\/p>\n\n\n\n<p><strong>Aicher Holzbau GmbH<\/strong><br>Galgenbergstr. 2, 93128 Regenstauf<br>Tel.: 09402\/4664, Fax: 09402\/6334<br>E- Mail:&nbsp;<a href=\"mailto:info@holzbau-aicher.de\"><u>info@holzbau-aicher.de<\/u><\/a><br>Internet:&nbsp;<a href=\"http:\/\/www.holzbau-aicher.de\/\"><u>www.holzbau-aicher.de<\/u><\/a><\/p>\n\n\n\n<p><strong>Binder GmbH<\/strong><br>Zimmerei u. Dachdeckerei<br>Jahnstr. 3 a, 93102 Pfatter<br>Tel.: 09481\/1788, Fax: 09481\/942370<br>E-Mail:&nbsp;<a href=\"mailto:zimmerei.binder@web.de\"><u>zimmerei.binder@web.de<\/u><\/a><\/p>\n\n\n\n<p><strong>G\u00f6tzer Bau GmbH<\/strong><br>Schl\u00f6sslgartenweg 25, 93149 Nittenau<br>Tel.: 09436\/1339, Fax: 09436\/2787<br>E-Mail:&nbsp;<a href=\"mailto:goetzer-bau@goetzer-bau.de\"><u>goetzer-bau@goetzer-bau.de<\/u><\/a><\/p>\n\n\n\n<p><strong>Haller&nbsp;Zimmerei-Holzbau GmbH<\/strong><br>Sch\u00f6nsteiner Str. 3, 94372 Ratiszell<br>Tel.: 09964\/1746, Fax: 09964\/601910<br>E-Mail:&nbsp;<a href=\"mailto:haller-holzbau@t-online.de\"><u>i<\/u><\/a>nfo@holzbau-haller.de<br>Internet:&nbsp;<a href=\"http:\/\/www.holzbau-haller.de\/\"><u>www.holzbau-haller.de<\/u><\/a><\/p>\n\n\n\n<p><strong>Hildebrand Richard Holzbau<\/strong><br>Regensburger Str. 18, 93095 Hagelstadt<br>Tel.: 09453\/7232, Fax: 09453\/8168<br>E-Mail:&nbsp;<a href=\"mailto:mail@holzbau-hildebrand.de\"><u>mail@holzbau-hildebrand.de<\/u><\/a><br>Internet:&nbsp;<a href=\"http:\/\/www.holzbau-hildebrand.de\/\"><u>www.holzbau-hildebrand.de<\/u><\/a><\/p>\n\n\n\n<p><strong>Hofbauer Holzbau GmbH &amp; Co.KG<\/strong><br>Leprosenstr. 7, 93333 Neustadt\/Do.<br>Tel.: 09445\/2881, Fax: 09445\/2647<br>E-Mail:&nbsp;<a href=\"mailto:info@hofbauer-holzbau.de\">info@hofbauer-holzbau.de<\/a><br>Internet:&nbsp;<a href=\"http:\/\/www.hofbauer-holzbau.de\/\"><u>www.Hofbauer-holzbau.de<\/u><\/a><\/p>\n\n\n\n<p><strong>Jobst Holzbau GmbH<\/strong><br>M\u00fcnchsm\u00fchle 1, 93164 Laaber-M\u00fcnchsm\u00fchle<br>Tel.: 09498\/8789, Fax: 09498\/2572<br>E-Mail:&nbsp;<a href=\"mailto:info@holzbau-jobst.de\"><u>info@holzbau-jobst.de<\/u><\/a><br>Internet:&nbsp;<a href=\"http:\/\/www.holzbau-jobst.de\/\">www.holzbau-jobst.de<\/a><\/p>\n\n\n\n<p><strong>Jura Holzbau GmbH<\/strong><br>Leitenstr. 1\/ Jachenhausen, 93339 Riedenburg<br>Tel.: 09442\/92030, Fax: 09442\/9203-30<br>E-Mail:&nbsp;<a href=\"mailto:info@jura-holzbau.de\"><u>info@jura-holzbau.de<\/u><\/a><br>Internet:&nbsp;<a href=\"http:\/\/www.jura-holzbau.de\/\"><u>www.jura-holzbau.de<\/u><\/a><\/p>\n\n\n\n<p><strong>Kammerl Holzbau GmbH<\/strong><br>Schaggenhofener Str. 3, 93164 Frauenberg<br>Tel.: 09498\/1636, Fax: 09498\/2730<br>E-Mail:&nbsp;<a href=\"mailto:info@kammerl-holzbau.de\"><u>info@kammerl-holzbau.de<\/u><\/a><br>Internet:&nbsp;<a href=\"http:\/\/www.kammerl-holzbau.de\/\"><u>www.kammerl-holzbau.de<\/u><\/a><\/p>\n\n\n\n<p><strong>Kraus Holzbau GmbH<\/strong><br>Zur M\u00fchle 1c, 93128 Regenstauf<br>Tel.: 09402\/500372, Fax: 09402\/500373<br>E-Mail:&nbsp;info@<a href=\"mailto:info@holzbau-kraus-regenstauf.de\"><u>holzbau-kraus-regenstauf.de<\/u><\/a><br>Internet:&nbsp;<a href=\"http:\/\/www.holzbau-kraus-regenstauf.de\/\">http:\/\/www.holzbau-kraus-regenstauf.de\/<\/a><\/p>\n\n\n\n<p><strong>Zimmerei Fritz Kastl GmbH<\/strong><br>Regensburgerstr. 42, 93104 S\u00fcnching<br>Tel: 09480\/208, Fax: 09480\/5371<br>E-Mail:&nbsp;fritz.frank@zimmerei-kastl.de<br>Internet:&nbsp;<a href=\"http:\/\/www.zimmerei-kastl.de\/\">www.zimmerei-kastl.de<\/a><\/p>\n\n\n\n<p><strong>von Lieven Zimmerei<\/strong><br>Adalbert-Stifter-Str. 13, 93086 W\u00f6rth\/Donau<br>Tel: 09482\/959849, Fax: 09482\/938495<br>E-Mail:&nbsp;<a href=\"mailto:info@zimmerei-von-lieven.de\">info@zimmerei-von<\/a><a>-lieven.de<\/a><br>Internet:&nbsp;<a href=\"http:\/\/zimmerei-von-lieven.de\/\">http:\/\/zimmerei-von-lieven.de\/<\/a><\/p>\n\n\n\n<p><strong>Zimmerei Meergans GmbH &amp; Co.KG&nbsp;<\/strong><br>Bergstr. 6a, 94372 Rattiszell<br>Tel: 0160\/96835954<br>Email:&nbsp;markus.meergans@gmx.net<\/p>\n\n\n\n<p><strong>Schollerer Claus<\/strong><br>Zimmerei &#8211; Innenaubau<br>Zeilerstrasse 21, 93161 Viehhausen<br>Tel: 09404\/3901, Fax: 09404\/961207<br>E-Mail:&nbsp;<a href=\"mailto:info@zimmerei-schollerer.de\"><u>info@zimmerei-schollerer.de<\/u><\/a><br>Internet:&nbsp;<a href=\"http:\/\/www.zimmerei-schollerer.de\/\"><u>www.zimmerei-schollerer.de<\/u><\/a><\/p>\n\n\n\n<p><strong>Schweiger Holzbau und Dachdeckerei GmbH<\/strong><br>Oberlichtenwald 9, 93177 Altenthann<br>Tel.: 09403\/635, Fax: 09403\/637<br>E-Mail:&nbsp;<a href=\"mailto:info@holzbau-schweiger.de\"><u>info@holzbau-schweiger.de<\/u><\/a><br>Internet:&nbsp;<a href=\"http:\/\/www.holzbau-schweiger.de\/\"><u>www.holzbau-schweiger.de<\/u><\/a><\/p>\n\n\n\n<p><strong>Semmler Holzbau GmbH<\/strong><br>Rieb 5, 93155 Hemau<br>Tel.: 09491\/941110, Fax: 09491\/941112<br>E-Mail:&nbsp;<a href=\"mailto:info@semmler.bayern\">info@semmler.bayern<\/a><br>Internet:&nbsp;<a href=\"https:\/\/www.semmler.bayern\/\">https:\/\/www.semmler.bayern<\/a><\/p>\n\n\n\n<p><strong>EPS Sinzinger GmbH<\/strong><br>Zimmerei-Holzbau<br>Leitenweg 3 a, 93164 Gro\u00dfetzenberg<br>Tel.: 09498\/902402, Fax: 09498\/902403<br>E-Mail:&nbsp;<a href=\"mailto:RU-SI@t-online.de\"><u>RU-SI@t-online.de<\/u><\/a><\/p>\n\n\n\n<p><strong>Holzbau Tischler<\/strong><br>Katzensteig 8, 93346 Ihrlerstein<br>Tel.: 0151 55401142, Fax: 09441\/178598<br>E-Mail:&nbsp;info@holzbau-tischler.de<\/p>\n","protected":false},"excerpt":{"rendered":"<p>Alles Wichtige rund ums Thema Zimmererhandwerk finden Sie auf unserer&nbsp;Zimmerer-Homepage:&nbsp; www.zimmerer-regensburg.de Fachgruppenleiter: Max Semmler, Zimmerermeister Aicher Holzbau GmbHGalgenbergstr. 2, 93128 RegenstaufTel.: 09402\/4664, Fax: 09402\/6334E- Mail:&nbsp;info@holzbau-aicher.deInternet:&nbsp;www.holzbau-aicher.de Binder GmbHZimmerei u. DachdeckereiJahnstr. 3 a, 93102 PfatterTel.: 09481\/1788, Fax: 09481\/942370E-Mail:&nbsp;zimmerei.binder@web.de G\u00f6tzer Bau GmbHSchl\u00f6sslgartenweg 25, 93149 NittenauTel.: 09436\/1339, Fax: 09436\/2787E-Mail:&nbsp;goetzer-bau@goetzer-bau.de Haller&nbsp;Zimmerei-Holzbau GmbHSch\u00f6nsteiner Str. 3, 94372 RatiszellTel.: 09964\/1746, Fax: 09964\/601910E-Mail:&nbsp;info@holzbau-haller.deInternet:&nbsp;www.holzbau-haller.de Hildebrand [&hellip;]<\/p>\n","protected":false},"author":1,"featured_media":0,"parent":0,"menu_order":0,"comment_status":"closed","ping_status":"closed","template":"","meta":{"footnotes":""},"class_list":["post-196","page","type-page","status-publish","hentry"],"_links":{"self":[{"href":"https:\/\/www.bauinnung-regensburg.de\/index.php?rest_route=\/wp\/v2\/pages\/196","targetHints":{"allow":["GET"]}}],"collection":[{"href":"https:\/\/www.bauinnung-regensburg.de\/index.php?rest_route=\/wp\/v2\/pages"}],"about":[{"href":"https:\/\/www.bauinnung-regensburg.de\/index.php?rest_route=\/wp\/v2\/types\/page"}],"author":[{"embeddable":true,"href":"https:\/\/www.bauinnung-regensburg.de\/index.php?rest_route=\/wp\/v2\/users\/1"}],"replies":[{"embeddable":true,"href":"https:\/\/www.bauinnung-regensburg.de\/index.php?rest_route=%2Fwp%2Fv2%2Fcomments&post=196"}],"version-history":[{"count":7,"href":"https:\/\/www.bauinnung-regensburg.de\/index.php?rest_route=\/wp\/v2\/pages\/196\/revisions"}],"predecessor-version":[{"id":836,"href":"https:\/\/www.bauinnung-regensburg.de\/index.php?rest_route=\/wp\/v2\/pages\/196\/revisions\/836"}],"wp:attachment":[{"href":"https:\/\/www.bauinnung-regensburg.de\/index.php?rest_route=%2Fwp%2Fv2%2Fmedia&parent=196"}],"curies":[{"name":"wp","href":"https:\/\/api.w.org\/{rel}","templated":true}]}}