{"id":3,"date":"2023-06-07T15:41:33","date_gmt":"2023-06-07T15:41:33","guid":{"rendered":"https:\/\/bauinnung-regensburg.de\/?page_id=3"},"modified":"2023-06-29T10:04:25","modified_gmt":"2023-06-29T10:04:25","slug":"privacy-policy","status":"publish","type":"page","link":"https:\/\/www.bauinnung-regensburg.de\/?page_id=3","title":{"rendered":"Impressum"},"content":{"rendered":"\n<p><strong>Bauinnung Regensburg<\/strong><\/p>\n\n\n\n<p>Blumenstra\u00dfe 2<\/p>\n\n\n\n<p>93055 Regensburg<\/p>\n\n\n\n<p>Telefon: 0941\/79 10 &#8211; 84&nbsp;<\/p>\n\n\n\n<p>Telefax: 0941\/79 16 28<\/p>\n\n\n\n<p>E-Mail:&nbsp;<a href=\"mailto:info@bauinnung-regensburg.de\">info@bauinnung-regensburg.de<\/a><\/p>\n\n\n\n<p><strong>Rechtsform:<\/strong><\/p>\n\n\n\n<p>K\u00f6rperschaft des \u00f6ffentlichen Rechts<\/p>\n\n\n\n<p><strong>Vertretungsberechtigte:<\/strong><\/p>\n\n\n\n<figure class=\"wp-block-table is-style-stripes\"><table><tbody><tr><td>Vorstand:\u00a0\u00a0\u00a0\u00a0\u00a0<\/td><td>Obermeister Dipl.-Ing. (FH) Johann Seidenschwand<br>Stv. Obermeister Dipl.-Ing. (FH) Hans K\u00fcffner<br>Stv. Obermeister Dipl- Ing. Thomas R\u00f6dl<\/td><\/tr><\/tbody><\/table><\/figure>\n\n\n\n<p><strong>Aufsichtsbeh\u00f6rde:<\/strong><\/p>\n\n\n\n<p>Handwerkskammer Niederbayern \/ Oberpfalz<\/p>\n\n\n\n<p><strong>Redaktionelle Verantwortung:<\/strong><\/p>\n\n\n\n<p>Gesch\u00e4ftsf\u00fchrer<br>Christian Huber<br>Blumenstra\u00dfe 2<br>93055 Regensburg<br><br><strong>Rechtliche Hinweise:<\/strong><br>Die auf dieser Webseite bereitgestellten Informationen werden durch die Bauinnung Regensburg sorgf\u00e4ltig gepr\u00fcft und regelm\u00e4\u00dfig aktualisiert. Dennoch kann die Bauinnung Regensburg keine Haftung oder Garantie f\u00fcr die Aktualit\u00e4t, Richtigkeit und Vollst\u00e4ndigkeit der zur Verf\u00fcgung gestellten Informationen und Software \u00fcbernehmen. Gleiches gilt auch f\u00fcr den Inhalt der Websites, auf die mittels Hyperlink verwiesen wird. Die Bauinnung Regensburg ist f\u00fcr den Inhalt der Websites, die auf Grund einer solchen Verbindung erreicht werden, nicht verantwortlich. Die Vervielf\u00e4ltigung von Informationen und Daten, insbesondere die Verwendung von Texten und Textteilen bedarf der vorherigen Zustimmung der Bauinnung Regensburg.<\/p>\n\n\n\n<p><strong>Datenschutzerkl\u00e4rung\/Datenschutzbeauftragter<\/strong><\/p>\n\n\n\n<p>Anhang:<\/p>\n\n\n\n<pre class=\"wp-block-code\"><code><a href=\"https:\/\/www.bauinnung-regensburg.de\/wp-content\/uploads\/2023\/06\/Datenschutzerklaerung.pdf\" data-type=\"attachment\" data-id=\"316\">Datenschutzerkl\u00e4rung<\/a><\/code><\/pre>\n\n\n\n<p>Landesverband Bayerischer Bauinnungen &#8211; Bavariaring 31 &#8211; 80336 M\u00fcnchen<br>Tel.: 089 &#8211; 76 79 0 &#8211; Fax: 089 &#8211; 76 85 62 &#8211; EMail: info@lbb-bayern.de<\/p>\n","protected":false},"excerpt":{"rendered":"<p>Bauinnung Regensburg Blumenstra\u00dfe 2 93055 Regensburg Telefon: 0941\/79 10 &#8211; 84&nbsp; Telefax: 0941\/79 16 28 E-Mail:&nbsp;info@bauinnung-regensburg.de Rechtsform: K\u00f6rperschaft des \u00f6ffentlichen Rechts Vertretungsberechtigte: Vorstand:\u00a0\u00a0\u00a0\u00a0\u00a0 Obermeister Dipl.-Ing. (FH) Johann SeidenschwandStv. Obermeister Dipl.-Ing. (FH) Hans K\u00fcffnerStv. Obermeister Dipl- Ing. Thomas R\u00f6dl Aufsichtsbeh\u00f6rde: Handwerkskammer Niederbayern \/ Oberpfalz Redaktionelle Verantwortung: Gesch\u00e4ftsf\u00fchrerChristian HuberBlumenstra\u00dfe 293055 Regensburg Rechtliche Hinweise:Die auf dieser Webseite bereitgestellten [&hellip;]<\/p>\n","protected":false},"author":1,"featured_media":0,"parent":0,"menu_order":0,"comment_status":"closed","ping_status":"closed","template":"","meta":{"footnotes":""},"class_list":["post-3","page","type-page","status-publish","hentry"],"_links":{"self":[{"href":"https:\/\/www.bauinnung-regensburg.de\/index.php?rest_route=\/wp\/v2\/pages\/3","targetHints":{"allow":["GET"]}}],"collection":[{"href":"https:\/\/www.bauinnung-regensburg.de\/index.php?rest_route=\/wp\/v2\/pages"}],"about":[{"href":"https:\/\/www.bauinnung-regensburg.de\/index.php?rest_route=\/wp\/v2\/types\/page"}],"author":[{"embeddable":true,"href":"https:\/\/www.bauinnung-regensburg.de\/index.php?rest_route=\/wp\/v2\/users\/1"}],"replies":[{"embeddable":true,"href":"https:\/\/www.bauinnung-regensburg.de\/index.php?rest_route=%2Fwp%2Fv2%2Fcomments&post=3"}],"version-history":[{"count":5,"href":"https:\/\/www.bauinnung-regensburg.de\/index.php?rest_route=\/wp\/v2\/pages\/3\/revisions"}],"predecessor-version":[{"id":465,"href":"https:\/\/www.bauinnung-regensburg.de\/index.php?rest_route=\/wp\/v2\/pages\/3\/revisions\/465"}],"wp:attachment":[{"href":"https:\/\/www.bauinnung-regensburg.de\/index.php?rest_route=%2Fwp%2Fv2%2Fmedia&parent=3"}],"curies":[{"name":"wp","href":"https:\/\/api.w.org\/{rel}","templated":true}]}}