{"id":57,"date":"2023-06-15T09:35:19","date_gmt":"2023-06-15T09:35:19","guid":{"rendered":"https:\/\/www.bauinnung-regensburg.de\/?page_id=57"},"modified":"2024-06-27T07:09:18","modified_gmt":"2024-06-27T07:09:18","slug":"eine-bauinnung-was-ist-das","status":"publish","type":"page","link":"https:\/\/www.bauinnung-regensburg.de\/?page_id=57","title":{"rendered":"Eine Bauinnung &#8211; Was ist das?"},"content":{"rendered":"\n<p><strong><u>1. Die Bauinnung als Begriff<\/u><\/strong><br>In einer Bauinnung schlie\u00dfen sich Baufirmen eines bestimmten Zust\u00e4ndigkeitsbereiches (in unserem Fall Landkreis Kelheim, Stadt und Landkreis Regensburg, Landkreis Schwandorf)\u00a0<strong><u>freiwillig<\/u><\/strong>\u00a0zusammen, um gemeinsame Interessen zu verfolgen.<br>Eine Bauinnung schult seine Mitglieder durch Fachvortr\u00e4ge in technischer, wirtschaftlicher und rechtlicher Hinsicht (Vorteil: Baubetriebe sind aktuell informiert), betreibt \u00d6ffentlichkeitsarbeit (Presse- und Medienarbeit, Teilnahme an Messen, Gespr\u00e4che mit Politikern), f\u00fchrt Gesellen- und Zwischenpr\u00fcfungen durch, schlichtet bei Streitigkeiten zwischen Baufirma und Bauherrn oder Bauarbeitgeber und Bauauszubildender usw.<br>Sie ist damit die zust\u00e4ndige Organisation zur Vertretung der\u00a0<strong><span style=\"text-decoration: underline;\">Fachinteressen<\/span><\/strong>\u00a0eines\u00a0<strong><span style=\"text-decoration: underline;\">Einzelhandwerks<\/span><\/strong>.<br>Die Bauinnung ist damit die untere Ebene eines Arbeitgeberverbandes, die n\u00e4chsth\u00f6heren Ebenen sind der Landes- bzw. Bundesverband (auf diesen Ebenen finden die Tarifverhandlungen mit der Gewerkschaft statt).<br>Die Innung selbst ist eine K\u00f6rperschaft des \u00f6ffentlichen Rechts, geregelt in \u00a7\u00a7 52 &#8211; 78 der Handwerksordnung.<br>Den Vorsitz f\u00fchrt der Obermeister der Innung.<br><strong><span style=\"text-decoration: underline;\">Mitglieder sind die Firmen<\/span>\u00a0<\/strong>des gleichen Handwerks, in unserem Falle Firmen des Bauhandwerks.<\/p>\n\n\n\n<p><strong><u>2. Mit welchen Institutionen besteht &#8222;Verwechslungsgefahr&#8220;?<\/u><br><\/strong>Oftmals wird eine Innung mit einer Kreishandwerkerschaft und\/oder der Handwerkskammer verwechselt, weil alle drei Institutionen das Handwerk vertreten.<br>Alle drei Institutionen sind jedoch eigenst\u00e4ndige Institutionen mit selbst\u00e4ndigem Aufgabenbereich.<\/p>\n\n\n\n<p><strong><u>Kreishandwerkerschaft<\/u><br><\/strong>Die Kreishandwerkerschaft ist ein zwingender (=&nbsp;<strong><span style=\"text-decoration: underline;\">Pflichtmitgliedschaft<\/span><\/strong>)&nbsp; Zusammenschluss&nbsp;verschiedener Innungen eines bestimmten Zust\u00e4ndigkeitsbereiches.<br>Die Kreishandwerkerschaft vertritt&nbsp;<strong><span style=\"text-decoration: underline;\">fachunabh\u00e4ngig<\/span><\/strong>&nbsp;vom jeweiligen Einzelhandwerk die&nbsp;<strong><span style=\"text-decoration: underline;\">Gesamtinteressen<\/span><\/strong>&nbsp;des Handwerks, \u00fcbernimmt aber gerade bei kleineren Innungen oftmals die Gesch\u00e4ftsf\u00fchrung der jeweiligen Innung.<br>Sie ist aber eine von der Innung zu unterscheidende eigenst\u00e4ndige K\u00f6rperschaft des \u00f6ffentlichen Rechts, geregelt in \u00a7\u00a7 86 &#8211; 89 der Handwerksordnung.<br>Den Vorsitz f\u00fchrt der Kreishandwerksmeister.<br><strong><span style=\"text-decoration: underline;\">Mitglieder sind die Innungen<\/span><\/strong>.<\/p>\n\n\n\n<p><u><strong>Handwerkskammer<\/strong><\/u><strong><br><\/strong>Die Handwerkskammer ist ein zwingender (=<strong><span style=\"text-decoration: underline;\">Pflichtmitgliedschaft<\/span><\/strong>) Zusammenschluss von Betriebsinhabern, Gesellen und Auszubildenden&nbsp;<strong><u>aller<\/u><\/strong>&nbsp;Handwerke eines Zust\u00e4ndigkeitsbereiches.<br>Die Handwerkskammer vertritt&nbsp;<strong><span style=\"text-decoration: underline;\">fachunabh\u00e4ngig<\/span><\/strong>&nbsp;vom einzelnen Handwerk die&nbsp;<strong><span style=\"text-decoration: underline;\">Gesamtinteressen<\/span><\/strong>&nbsp;des Handwerks und ist Rechtsaufsichtsbeh\u00f6rde f\u00fcr Innungen und Kreishandwerkerschaften.<br>Sie ist eine von Innungen und Kreishandwerkerschaften zu unterscheidende eigenst\u00e4ndige K\u00f6rperschaft des \u00f6ffentlichen Rechts, geregelt in \u00a7\u00a7 90 -116 der Handwerksordnung.<br>Den Vorsitz f\u00fchrt der Handwerkskammerpr\u00e4sident.<br><strong><span style=\"text-decoration: underline;\">Mitglieder sind die Handwerksbetriebe, Gesellen und Auszubildenden<\/span><\/strong>&nbsp;aller Handwerke.<\/p>\n\n\n\n<p><strong><u>3. Was versteht man unter der &#8222;Kammerseite&#8220;, was unter der &#8222;Verbandsseite&#8220;?<br><\/u><\/strong>In Deutschland spricht man in der Praxis von Verbandsseite und Kammerseite.<br>Beide Seiten vertreten das Handwerk. Die Kammerseite ist Ansprechpartner f\u00fcr die <strong><u>Gesamtinteressen<\/u><\/strong> des Handwerks oder <strong><u>handwerks\u00fcbergreifende Fragen<\/u><\/strong>, die Verbandsseite ist f\u00fcr die&nbsp;<strong><u>Fachinteressen<\/u><\/strong> eines <strong><u>Einzel<\/u><\/strong>handwerks zust\u00e4ndig.<br>Dabei ist eine Unterscheidung wichtig.<br>In den Institutionen der Kammerseite besteht jeweils Pflichtmitgliedschaft, in den Institutionen der Verbandsseite freiwillige Mitgliedschaft.<br>Gemeinsame Dachorganisation beider Seiten ist der Zentralverband des Deutschen Handwerks.<\/p>\n\n\n<div class=\"wp-block-image\">\n<figure class=\"aligncenter size-full\"><img loading=\"lazy\" decoding=\"async\" width=\"514\" height=\"386\" src=\"https:\/\/www.bauinnung-regensburg.de\/wp-content\/uploads\/2023\/06\/OrganigrammBI.jpg\" alt=\"\" class=\"wp-image-62\" srcset=\"https:\/\/www.bauinnung-regensburg.de\/wp-content\/uploads\/2023\/06\/OrganigrammBI.jpg 514w, https:\/\/www.bauinnung-regensburg.de\/wp-content\/uploads\/2023\/06\/OrganigrammBI-300x225.jpg 300w\" sizes=\"auto, (max-width: 514px) 100vw, 514px\" \/><\/figure>\n<\/div>","protected":false},"excerpt":{"rendered":"<p>1. Die Bauinnung als BegriffIn einer Bauinnung schlie\u00dfen sich Baufirmen eines bestimmten Zust\u00e4ndigkeitsbereiches (in unserem Fall Landkreis Kelheim, Stadt und Landkreis Regensburg, Landkreis Schwandorf)\u00a0freiwillig\u00a0zusammen, um gemeinsame Interessen zu verfolgen.Eine Bauinnung schult seine Mitglieder durch Fachvortr\u00e4ge in technischer, wirtschaftlicher und rechtlicher Hinsicht (Vorteil: Baubetriebe sind aktuell informiert), betreibt \u00d6ffentlichkeitsarbeit (Presse- und Medienarbeit, Teilnahme an Messen, Gespr\u00e4che [&hellip;]<\/p>\n","protected":false},"author":1,"featured_media":0,"parent":0,"menu_order":0,"comment_status":"closed","ping_status":"closed","template":"","meta":{"footnotes":""},"class_list":["post-57","page","type-page","status-publish","hentry"],"_links":{"self":[{"href":"https:\/\/www.bauinnung-regensburg.de\/index.php?rest_route=\/wp\/v2\/pages\/57","targetHints":{"allow":["GET"]}}],"collection":[{"href":"https:\/\/www.bauinnung-regensburg.de\/index.php?rest_route=\/wp\/v2\/pages"}],"about":[{"href":"https:\/\/www.bauinnung-regensburg.de\/index.php?rest_route=\/wp\/v2\/types\/page"}],"author":[{"embeddable":true,"href":"https:\/\/www.bauinnung-regensburg.de\/index.php?rest_route=\/wp\/v2\/users\/1"}],"replies":[{"embeddable":true,"href":"https:\/\/www.bauinnung-regensburg.de\/index.php?rest_route=%2Fwp%2Fv2%2Fcomments&post=57"}],"version-history":[{"count":7,"href":"https:\/\/www.bauinnung-regensburg.de\/index.php?rest_route=\/wp\/v2\/pages\/57\/revisions"}],"predecessor-version":[{"id":650,"href":"https:\/\/www.bauinnung-regensburg.de\/index.php?rest_route=\/wp\/v2\/pages\/57\/revisions\/650"}],"wp:attachment":[{"href":"https:\/\/www.bauinnung-regensburg.de\/index.php?rest_route=%2Fwp%2Fv2%2Fmedia&parent=57"}],"curies":[{"name":"wp","href":"https:\/\/api.w.org\/{rel}","templated":true}]}}